{"id":2458,"date":"2017-04-14T20:17:18","date_gmt":"2017-04-14T18:17:18","guid":{"rendered":"http:\/\/www.lvts-berlin.de\/?page_id=2458"},"modified":"2023-05-14T16:37:15","modified_gmt":"2023-05-14T14:37:15","slug":"bvts-2","status":"publish","type":"page","link":"https:\/\/lvts-berlin.de\/homepage\/bvts-2\/","title":{"rendered":"Bundesverband Theater in Schulen"},"content":{"rendered":"\t\t<div data-elementor-type=\"wp-page\" data-elementor-id=\"2458\" class=\"elementor elementor-2458\" data-elementor-post-type=\"page\">\n\t\t\t\t\t\t<section class=\"elementor-section elementor-top-section elementor-element elementor-element-b52548d elementor-section-boxed elementor-section-height-default elementor-section-height-default wpr-particle-no wpr-jarallax-no wpr-parallax-no wpr-sticky-section-no wpr-equal-height-no\" data-id=\"b52548d\" data-element_type=\"section\" data-e-type=\"section\">\n\t\t\t\t\t\t<div class=\"elementor-container elementor-column-gap-default\">\n\t\t\t\t\t<div class=\"elementor-column elementor-col-50 elementor-top-column elementor-element elementor-element-6b0c9675\" data-id=\"6b0c9675\" data-element_type=\"column\" data-e-type=\"column\">\n\t\t\t<div class=\"elementor-widget-wrap elementor-element-populated\">\n\t\t\t\t\t\t<div class=\"elementor-element elementor-element-10c68d6a elementor-widget elementor-widget-text-editor\" data-id=\"10c68d6a\" data-element_type=\"widget\" data-e-type=\"widget\" data-widget_type=\"text-editor.default\">\n\t\t\t\t<div class=\"elementor-widget-container\">\n\t\t\t\t\t\t\t\t\t<h6>Der <strong>Bundesverband Theater in Schulen<\/strong> (<a href=\"http:\/\/bvts.org\/beta\/?page_id=4\">BV.TS<\/a>) ist die Dachorganisation des Landesverbands Berlin und aller anderen Landesverb\u00e4nde, die in den\u00a0 Bundesl\u00e4ndern f\u00fcr Theater in der Schule t\u00e4tig sind.<\/h6><h6>Auf dieser Seite finden Sie Hinweise auf bundesweite Veranstaltungen, das j\u00e4hrlich stattfindende Schultheater der L\u00e4nder etc.<\/h6><p><em><span class=\"\">Wir m\u00f6chten \u00a0auf die\u00a0<\/span><b class=\"\">Nutzung des Forums Schultheater des BV.TS<\/b><span class=\"\">\u00a0<\/span><span class=\"\">hinweisen, auf der ganz leicht selbst Infos eingestellt werden k\u00f6nnen und ein lebendiger, \u00fcberregionaler Austausch miteinander sofort m\u00f6glich ist. Einfach registrieren und loslegen:\u00a0<\/span><\/em><a class=\"\" href=\"https:\/\/forum.schul.theater\/\"><em>https:\/\/forum.schul.theater\/<\/em><\/a><\/p><p>\u00a0<\/p><hr \/><h4>\u00dcbersicht<\/h4><hr \/><h4>Veranstaltungen und Informationen<\/h4><p>\u00a0<\/p><h6><span class=\"\">Informationen zum Schultheater der L\u00e4nder 2023 in Trier zum Thema SCHULTHEATER.ROLLEN:\u00a0<\/span><\/h6><h6><span class=\"\">\u00a0<\/span><\/h6><h6><span class=\"\">Die Ausschreibung findet sich im FORUM SCHULTHEATER unter FOKUS: <a class=\"\" href=\"https:\/\/schul.theater\/ausschreibung-sdl-2023-schultheater-rollen\/\">https:\/\/schul.theater\/ausschreibung-sdl-2023-schultheater-rollen\/<\/a> und hier: <a href=\"https:\/\/localhost\/lvts\/wp-content\/uploads\/2022\/10\/Ausschreibung-SDL-2023.pdf\">Ausschreibung SDL 2023<\/a><\/span><\/h6><h6>\u00a0<\/h6><h6><span class=\"\">Weitere Informationen f\u00fcr die Bewerbung zum SDL 2023 folgen demn\u00e4chst.<\/span><\/h6><p>\u00a0<\/p><hr \/><h4>Archiv<\/h4><p><strong>Das theaterp\u00e4dagogische Manifest 2017\u00a0<\/strong>\u00a0\u00a0\u00a0\u00a0\u00a0\u00a0\u00a0\u00a0\u00a0\u00a0\u00a0\u00a0 <a href=\"https:\/\/localhost\/lvts\/wp-content\/uploads\/2017\/04\/but17_manifest_SCREEN2.pdf\">Manifest<\/a> (Pdf)<\/p><p>wurde von den folgenden Gruppen \/ Verb\u00e4nden \/ Interessengemeinschaften unterzeichnet:<\/p><div class=\"\"><strong><a href=\"http:\/\/www.assitej.de\/aktuelles\/\">ASSITEJ<\/a> e.V. Bundesrepublik Deutschland<\/strong>, Prof. Dr. Wolfgang Schneider, Vorsitzender<\/div><div class=\"\"><strong>Bund Deutscher Amateurtheater e.V. (<a href=\"http:\/\/bdat.info\/\">BDAT<\/a>)<\/strong>, Berlin, Simon Isser, Pr\u00e4sident<\/div><div class=\"\"><strong>Bundesarbeitsgemeinschaft (<a href=\"https:\/\/www.bag-online.de\/\">BAG<\/a>) Spiel &amp; Theater<\/strong>, Hannover, Prof. Dr. Norma K\u00f6hler, 1. Vorsitzende<\/div><div class=\"\"><strong>Bundesverband Freie Darstellende K\u00fcnste (<a href=\"http:\/\/darstellende-kuenste.de\/de\/\">BFDK<\/a>)<\/strong>, Berlin, Janina Benduski, 1. Vorsitzende<\/div><div class=\"\"><strong>Bundesverband Theater in Schulen (<a href=\"http:\/\/bvts.org\/beta\/?page_id=4\">BVTS<\/a>)<\/strong>, N\u00fcrnberg, Gunter Mieruch, Ulrike M\u00f6nch-Heinz (Doppelspitze)<\/div><div class=\"\"><strong>Bundesverband Theaterp\u00e4dagogik e.V. (<a href=\"https:\/\/www.butinfo.de\/\">BuT<\/a>)<\/strong>, K\u00f6ln, Lutz Pickardt, 1. Vorsitzender<\/div><div class=\"\"><strong>Gesellschaft f\u00fcr Theaterp\u00e4dagogik (<a href=\"http:\/\/gesellschaftfuertheaterpaedagogik.net\/\">GTP<\/a>)<\/strong>, Hannover, Prof. Dr. Florian Va\u00dfen<\/div><div class=\"\"><strong><a href=\"https:\/\/www.kjtz.de\/\">Kinder- und Jugendtheaterzentrum<\/a> in der Bundesrepublik Deutschland<\/strong>, Frankfurt\/M, Prof. Dr. Gerd Taube, Leiter<\/div><p>\u00a0<\/p><div class=\"\"><hr \/><\/div><p><span style=\"font-family: Arial;\">Informationen der <strong>Bundesvereinigung Kulturelle Kinder- und Jugendbildung<\/strong> e.V. (<a href=\"https:\/\/www.bkj.de\/\">BKJ<\/a>):<\/span><\/p><p><span style=\"font-family: Arial;\"><a href=\"https:\/\/localhost\/lvts\/wp-content\/uploads\/2017\/04\/FA_KMS_Anlage_KJB.pdf\">Der 15. Kinder- und Jugendbericht der Bundesregierung<\/a><\/span><\/p><p><a href=\"https:\/\/localhost\/lvts\/wp-content\/uploads\/2017\/04\/FA_KMS_Anlage_STEG.pdf\">Aktuelle empirische Daten zu \u201eGanztag und Kulturelle Bildung\u201c <\/a><\/p><p><a href=\"https:\/\/localhost\/lvts\/wp-content\/uploads\/2017\/04\/BT_Chancenspiegel_2017_BG_final.pdf\">Chancenspiegel_2017<\/a><\/p><div class=\"\">\u00a0<\/div><div class=\"\"><hr \/><\/div>\t\t\t\t\t\t\t\t<\/div>\n\t\t\t\t<\/div>\n\t\t\t\t\t<\/div>\n\t\t<\/div>\n\t\t\t\t<div class=\"elementor-column elementor-col-50 elementor-top-column elementor-element elementor-element-1bcbada\" data-id=\"1bcbada\" data-element_type=\"column\" data-e-type=\"column\">\n\t\t\t<div class=\"elementor-widget-wrap\">\n\t\t\t\t\t\t\t<\/div>\n\t\t<\/div>\n\t\t\t\t\t<\/div>\n\t\t<\/section>\n\t\t\t\t<\/div>\n\t\t","protected":false},"excerpt":{"rendered":"<p>Der Bundesverband Theater in Schulen (BV.TS) ist die Dachorganisation des Landesverbands Berlin und aller anderen Landesverb\u00e4nde, die in den\u00a0 Bundesl\u00e4ndern f\u00fcr Theater in der Schule t\u00e4tig sind. Auf dieser Seite finden Sie Hinweise auf bundesweite Veranstaltungen, das j\u00e4hrlich stattfindende Schultheater der L\u00e4nder etc. Wir m\u00f6chten \u00a0auf die\u00a0Nutzung des Forums Schultheater des BV.TS\u00a0hinweisen, auf der ganz leicht selbst Infos eingestellt werden k\u00f6nnen und ein lebendiger, \u00fcberregionaler Austausch miteinander sofort m\u00f6glich ist. Einfach registrieren und loslegen:\u00a0https:\/\/forum.schul.theater\/ \u00a0 \u00dcbersicht Veranstaltungen und Informationen \u00a0 Informationen zum Schultheater der L\u00e4nder 2023 in Trier zum Thema SCHULTHEATER.ROLLEN:\u00a0 \u00a0 Die Ausschreibung findet sich im FORUM SCHULTHEATER unter FOKUS: https:\/\/schul.theater\/ausschreibung-sdl-2023-schultheater-rollen\/ und hier: Ausschreibung SDL 2023 \u00a0 Weitere Informationen f\u00fcr die Bewerbung zum SDL 2023 folgen demn\u00e4chst. \u00a0 Archiv Das theaterp\u00e4dagogische Manifest 2017\u00a0\u00a0\u00a0\u00a0\u00a0\u00a0\u00a0\u00a0\u00a0\u00a0\u00a0\u00a0\u00a0 Manifest (Pdf) wurde von den folgenden Gruppen \/ Verb\u00e4nden \/ Interessengemeinschaften unterzeichnet: ASSITEJ e.V. Bundesrepublik Deutschland, Prof. Dr. Wolfgang Schneider, VorsitzenderBund Deutscher Amateurtheater e.V. (BDAT), Berlin, Simon Isser, Pr\u00e4sidentBundesarbeitsgemeinschaft (BAG) Spiel &amp; Theater, Hannover, Prof. Dr. Norma K\u00f6hler, 1. VorsitzendeBundesverband Freie Darstellende K\u00fcnste (BFDK), Berlin, Janina Benduski, 1. VorsitzendeBundesverband Theater in Schulen (BVTS), N\u00fcrnberg, Gunter Mieruch, Ulrike M\u00f6nch-Heinz (Doppelspitze)Bundesverband Theaterp\u00e4dagogik e.V. (BuT), K\u00f6ln, Lutz Pickardt, 1. VorsitzenderGesellschaft f\u00fcr Theaterp\u00e4dagogik (GTP), Hannover, Prof. Dr. Florian Va\u00dfenKinder- und Jugendtheaterzentrum in der Bundesrepublik Deutschland, Frankfurt\/M, Prof. Dr. Gerd Taube, Leiter \u00a0 Informationen der Bundesvereinigung Kulturelle Kinder- und Jugendbildung e.V. (BKJ): Der 15. Kinder- und Jugendbericht der Bundesregierung Aktuelle empirische Daten zu \u201eGanztag und Kulturelle Bildung\u201c Chancenspiegel_2017 \u00a0<\/p>\n","protected":false},"author":1,"featured_media":0,"parent":0,"menu_order":0,"comment_status":"closed","ping_status":"closed","template":"","meta":{"ngg_post_thumbnail":0,"ocean_post_layout":"","ocean_both_sidebars_style":"","ocean_both_sidebars_content_width":0,"ocean_both_sidebars_sidebars_width":0,"ocean_sidebar":"","ocean_second_sidebar":"","ocean_disable_margins":"enable","ocean_add_body_class":"","ocean_shortcode_before_top_bar":"","ocean_shortcode_after_top_bar":"","ocean_shortcode_before_header":"","ocean_shortcode_after_header":"","ocean_has_shortcode":"","ocean_shortcode_after_title":"","ocean_shortcode_before_footer_widgets":"","ocean_shortcode_after_footer_widgets":"","ocean_shortcode_before_footer_bottom":"","ocean_shortcode_after_footer_bottom":"","ocean_display_top_bar":"default","ocean_display_header":"default","ocean_header_style":"","ocean_center_header_left_menu":"","ocean_custom_header_template":"","ocean_custom_logo":0,"ocean_custom_retina_logo":0,"ocean_custom_logo_max_width":0,"ocean_custom_logo_tablet_max_width":0,"ocean_custom_logo_mobile_max_width":0,"ocean_custom_logo_max_height":0,"ocean_custom_logo_tablet_max_height":0,"ocean_custom_logo_mobile_max_height":0,"ocean_header_custom_menu":"","ocean_menu_typo_font_family":"","ocean_menu_typo_font_subset":"","ocean_menu_typo_font_size":0,"ocean_menu_typo_font_size_tablet":0,"ocean_menu_typo_font_size_mobile":0,"ocean_menu_typo_font_size_unit":"px","ocean_menu_typo_font_weight":"","ocean_menu_typo_font_weight_tablet":"","ocean_menu_typo_font_weight_mobile":"","ocean_menu_typo_transform":"","ocean_menu_typo_transform_tablet":"","ocean_menu_typo_transform_mobile":"","ocean_menu_typo_line_height":0,"ocean_menu_typo_line_height_tablet":0,"ocean_menu_typo_line_height_mobile":0,"ocean_menu_typo_line_height_unit":"","ocean_menu_typo_spacing":0,"ocean_menu_typo_spacing_tablet":0,"ocean_menu_typo_spacing_mobile":0,"ocean_menu_typo_spacing_unit":"","ocean_menu_link_color":"","ocean_menu_link_color_hover":"","ocean_menu_link_color_active":"","ocean_menu_link_background":"","ocean_menu_link_hover_background":"","ocean_menu_link_active_background":"","ocean_menu_social_links_bg":"","ocean_menu_social_hover_links_bg":"","ocean_menu_social_links_color":"","ocean_menu_social_hover_links_color":"","ocean_disable_title":"default","ocean_disable_heading":"default","ocean_post_title":"","ocean_post_subheading":"","ocean_post_title_style":"","ocean_post_title_background_color":"","ocean_post_title_background":0,"ocean_post_title_bg_image_position":"","ocean_post_title_bg_image_attachment":"","ocean_post_title_bg_image_repeat":"","ocean_post_title_bg_image_size":"","ocean_post_title_height":0,"ocean_post_title_bg_overlay":0.5,"ocean_post_title_bg_overlay_color":"","ocean_disable_breadcrumbs":"default","ocean_breadcrumbs_color":"","ocean_breadcrumbs_separator_color":"","ocean_breadcrumbs_links_color":"","ocean_breadcrumbs_links_hover_color":"","ocean_display_footer_widgets":"default","ocean_display_footer_bottom":"default","ocean_custom_footer_template":"","footnotes":""},"class_list":["post-2458","page","type-page","status-publish","hentry","entry"],"_links":{"self":[{"href":"https:\/\/lvts-berlin.de\/homepage\/wp-json\/wp\/v2\/pages\/2458","targetHints":{"allow":["GET"]}}],"collection":[{"href":"https:\/\/lvts-berlin.de\/homepage\/wp-json\/wp\/v2\/pages"}],"about":[{"href":"https:\/\/lvts-berlin.de\/homepage\/wp-json\/wp\/v2\/types\/page"}],"author":[{"embeddable":true,"href":"https:\/\/lvts-berlin.de\/homepage\/wp-json\/wp\/v2\/users\/1"}],"replies":[{"embeddable":true,"href":"https:\/\/lvts-berlin.de\/homepage\/wp-json\/wp\/v2\/comments?post=2458"}],"version-history":[{"count":7,"href":"https:\/\/lvts-berlin.de\/homepage\/wp-json\/wp\/v2\/pages\/2458\/revisions"}],"predecessor-version":[{"id":3531,"href":"https:\/\/lvts-berlin.de\/homepage\/wp-json\/wp\/v2\/pages\/2458\/revisions\/3531"}],"wp:attachment":[{"href":"https:\/\/lvts-berlin.de\/homepage\/wp-json\/wp\/v2\/media?parent=2458"}],"curies":[{"name":"wp","href":"https:\/\/api.w.org\/{rel}","templated":true}]}}

<div data-elementor-type="wp-page" data-elementor-id="2458" class="elementor elementor-2458" data-elementor-post-type="page">
						<section class="elementor-section elementor-top-section elementor-element elementor-element-b52548d elementor-section-boxed elementor-section-height-default elementor-section-height-default wpr-particle-no wpr-jarallax-no wpr-parallax-no wpr-sticky-section-no wpr-equal-height-no" data-id="b52548d" data-element_type="section" data-e-type="section">
						<div class="elementor-container elementor-column-gap-default">
					<div class="elementor-column elementor-col-50 elementor-top-column elementor-element elementor-element-6b0c9675" data-id="6b0c9675" data-element_type="column" data-e-type="column">
			<div class="elementor-widget-wrap elementor-element-populated">
						<div class="elementor-element elementor-element-10c68d6a elementor-widget elementor-widget-text-editor" data-id="10c68d6a" data-element_type="widget" data-e-type="widget" data-widget_type="text-editor.default">
				<div class="elementor-widget-container">
									<h6>Der <strong>Bundesverband Theater in Schulen</strong> (<a href="http://bvts.org/beta/?page_id=4">BV.TS</a>) ist die Dachorganisation des Landesverbands Berlin und aller anderen Landesverbände, die in den  Bundesländern für Theater in der Schule tätig sind.</h6><h6>Auf dieser Seite finden Sie Hinweise auf bundesweite Veranstaltungen, das jährlich stattfindende Schultheater der Länder etc.</h6><p><em><span class="">Wir möchten  auf die </span><b class="">Nutzung des Forums Schultheater des BV.TS</b><span class=""> </span><span class="">hinweisen, auf der ganz leicht selbst Infos eingestellt werden können und ein lebendiger, überregionaler Austausch miteinander sofort möglich ist. Einfach registrieren und loslegen: </span></em><a class="" href="https://forum.schul.theater/"><em>https://forum.schul.theater/</em></a></p><p> </p><hr /><h4>Übersicht</h4><hr /><h4>Veranstaltungen und Informationen</h4><p> </p><h6><span class="">Informationen zum Schultheater der Länder 2023 in Trier zum Thema SCHULTHEATER.ROLLEN: </span></h6><h6><span class=""> </span></h6><h6><span class="">Die Ausschreibung findet sich im FORUM SCHULTHEATER unter FOKUS: <a class="" href="https://schul.theater/ausschreibung-sdl-2023-schultheater-rollen/">https://schul.theater/ausschreibung-sdl-2023-schultheater-rollen/</a> und hier: <a href="https://localhost/lvts/wp-content/uploads/2022/10/Ausschreibung-SDL-2023.pdf">Ausschreibung SDL 2023</a></span></h6><h6> </h6><h6><span class="">Weitere Informationen für die Bewerbung zum SDL 2023 folgen demnächst.</span></h6><p> </p><hr /><h4>Archiv</h4><p><strong>Das theaterpädagogische Manifest 2017 </strong>             <a href="https://localhost/lvts/wp-content/uploads/2017/04/but17_manifest_SCREEN2.pdf">Manifest</a> (Pdf)</p><p>wurde von den folgenden Gruppen / Verbänden / Interessengemeinschaften unterzeichnet:</p><div class=""><strong><a href="http://www.assitej.de/aktuelles/">ASSITEJ</a> e.V. Bundesrepublik Deutschland</strong>, Prof. Dr. Wolfgang Schneider, Vorsitzender</div><div class=""><strong>Bund Deutscher Amateurtheater e.V. (<a href="http://bdat.info/">BDAT</a>)</strong>, Berlin, Simon Isser, Präsident</div><div class=""><strong>Bundesarbeitsgemeinschaft (<a href="https://www.bag-online.de/">BAG</a>) Spiel &amp; Theater</strong>, Hannover, Prof. Dr. Norma Köhler, 1. Vorsitzende</div><div class=""><strong>Bundesverband Freie Darstellende Künste (<a href="http://darstellende-kuenste.de/de/">BFDK</a>)</strong>, Berlin, Janina Benduski, 1. Vorsitzende</div><div class=""><strong>Bundesverband Theater in Schulen (<a href="http://bvts.org/beta/?page_id=4">BVTS</a>)</strong>, Nürnberg, Gunter Mieruch, Ulrike Mönch-Heinz (Doppelspitze)</div><div class=""><strong>Bundesverband Theaterpädagogik e.V. (<a href="https://www.butinfo.de/">BuT</a>)</strong>, Köln, Lutz Pickardt, 1. Vorsitzender</div><div class=""><strong>Gesellschaft für Theaterpädagogik (<a href="http://gesellschaftfuertheaterpaedagogik.net/">GTP</a>)</strong>, Hannover, Prof. Dr. Florian Vaßen</div><div class=""><strong><a href="https://www.kjtz.de/">Kinder- und Jugendtheaterzentrum</a> in der Bundesrepublik Deutschland</strong>, Frankfurt/M, Prof. Dr. Gerd Taube, Leiter</div><p> </p><div class=""><hr /></div><p><span style="font-family: Arial;">Informationen der <strong>Bundesvereinigung Kulturelle Kinder- und Jugendbildung</strong> e.V. (<a href="https://www.bkj.de/">BKJ</a>):</span></p><p><span style="font-family: Arial;"><a href="https://localhost/lvts/wp-content/uploads/2017/04/FA_KMS_Anlage_KJB.pdf">Der 15. Kinder- und Jugendbericht der Bundesregierung</a></span></p><p><a href="https://localhost/lvts/wp-content/uploads/2017/04/FA_KMS_Anlage_STEG.pdf">Aktuelle empirische Daten zu „Ganztag und Kulturelle Bildung“ </a></p><p><a href="https://localhost/lvts/wp-content/uploads/2017/04/BT_Chancenspiegel_2017_BG_final.pdf">Chancenspiegel_2017</a></p><div class=""> </div><div class=""><hr /></div>								</div>
				</div>
					</div>
		</div>
				<div class="elementor-column elementor-col-50 elementor-top-column elementor-element elementor-element-1bcbada" data-id="1bcbada" data-element_type="column" data-e-type="column">
			<div class="elementor-widget-wrap">
							</div>
		</div>
					</div>
		</section>
				</div>

<p>Der Bundesverband Theater in Schulen (BV.TS) ist die Dachorganisation des Landesverbands Berlin und aller anderen Landesverbände, die in den  Bundesländern für Theater in der Schule tätig sind. Auf dieser Seite finden Sie Hinweise auf bundesweite Veranstaltungen, das jährlich stattfindende Schultheater der Länder etc. Wir möchten  auf die Nutzung des Forums Schultheater des BV.TS hinweisen, auf der ganz leicht selbst Infos eingestellt werden können und ein lebendiger, überregionaler Austausch miteinander sofort möglich ist. Einfach registrieren und loslegen: https://forum.schul.theater/   Übersicht Veranstaltungen und Informationen   Informationen zum Schultheater der Länder 2023 in Trier zum Thema SCHULTHEATER.ROLLEN:    Die Ausschreibung findet sich im FORUM SCHULTHEATER unter FOKUS: https://schul.theater/ausschreibung-sdl-2023-schultheater-rollen/ und hier: Ausschreibung SDL 2023   Weitere Informationen für die Bewerbung zum SDL 2023 folgen demnächst.   Archiv Das theaterpädagogische Manifest 2017              Manifest (Pdf) wurde von den folgenden Gruppen / Verbänden / Interessengemeinschaften unterzeichnet: ASSITEJ e.V. Bundesrepublik Deutschland, Prof. Dr. Wolfgang Schneider, VorsitzenderBund Deutscher Amateurtheater e.V. (BDAT), Berlin, Simon Isser, PräsidentBundesarbeitsgemeinschaft (BAG) Spiel &amp; Theater, Hannover, Prof. Dr. Norma Köhler, 1. VorsitzendeBundesverband Freie Darstellende Künste (BFDK), Berlin, Janina Benduski, 1. VorsitzendeBundesverband Theater in Schulen (BVTS), Nürnberg, Gunter Mieruch, Ulrike Mönch-Heinz (Doppelspitze)Bundesverband Theaterpädagogik e.V. (BuT), Köln, Lutz Pickardt, 1. VorsitzenderGesellschaft für Theaterpädagogik (GTP), Hannover, Prof. Dr. Florian VaßenKinder- und Jugendtheaterzentrum in der Bundesrepublik Deutschland, Frankfurt/M, Prof. Dr. Gerd Taube, Leiter   Informationen der Bundesvereinigung Kulturelle Kinder- und Jugendbildung e.V. (BKJ): Der 15. Kinder- und Jugendbericht der Bundesregierung Aktuelle empirische Daten zu „Ganztag und Kulturelle Bildung“ Chancenspiegel_2017  </p>
